 2660?
2, 5, 7, 19
What are the prime factors of 3670?
2, 5, 367
What are the prime factors of 511?
7, 73
What are the prime factors of 20180?
2, 5, 1009
What are the prime factors of 27715?
5, 23, 241
What are the prime factors of 29408?
2, 919
List the prime factors of 11804.
2, 13, 227
List the prime factors of 682.
2, 11, 31
List the prime factors of 1617.
3, 7, 11
What are the prime factors of 21695?
5, 4339
What are the prime factors of 38252?
2, 73, 131
What are the prime factors of 46542?
2, 3, 7757
What are the prime factors of 93482?
2, 43, 1087
What are the prime factors of 10454?
2, 5227
What are the prime factors of 68921?
41
What are the prime factors of 4540?
2, 5, 227
What are the prime factors of 19601?
17, 1153
What are the prime factors of 495?
3, 5, 11
List the prime factors of 1550.
2, 5, 31
List the prime factors of 35917.
7, 733
List the prime factors of 4136.
2, 11, 47
What are the prime factors of 26334?
2, 3, 7, 11, 19
What are the prime factors of 6812?
2, 13, 131
List the prime factors of 76807.
89, 863
What are the prime factors of 21620?
2, 5, 23, 47
List the prime factors of 6865.
5, 1373
What are the prime factors of 719?
719
What are the prime factors of 5064?
2, 3, 211
What are the prime factors of 3089?
3089
List the prime factors of 14519.
14519
What are the prime factors of 5788?
2, 1447
What are the prime factors of 453?
3, 151
What are the prime factors of 492?
2, 3, 41
What are the prime factors of 766?
2, 383
List the prime factors of 9043.
9043
What are the prime factors of 67136?
2, 1049
List the prime factors of 2860.
2, 5, 11, 13
What are the prime factors of 4487?
7, 641
List the prime factors of 7552.
2, 59
What are the prime factors of 7431?
3, 2477
What are the prime factors of 11205?
3, 5, 83
What are the prime factors of 1558?
2, 19, 41
List the prime factors of 13279.
7, 271
List the prime factors of 10727.
17, 631
What are the prime factors of 13560?
2, 3, 5, 113
List the prime factors of 286.
2, 11, 13
What are the prime factors of 5264?
2, 7, 47
What are the prime factors of 7124?
2, 13, 137
What are the prime factors of 3274?
2, 1637
List the prime factors of 77861.
7, 227
List the prime factors of 2286.
2, 3, 127
What are the prime factors of 148847?
73, 2039
List the prime factors of 4072.
2, 509
What are the prime factors of 1006?
2, 503
What are the prime factors of 1952?
2, 61
What are the prime factors of 333?
3, 37
List the prime factors of 24432.
2, 3, 509
List the prime factors of 105222.
2, 3, 13, 19, 71
List the prime factors of 49382.
2, 24691
What are the prime factors of 3822?
2, 3, 7, 13
What are the prime factors of 519?
3, 173
List the prime factors of 1343.
17, 79
What are the prime factors of 26089?
7, 3727
What are the prime factors of 54884?
2, 13721
What are the prime factors of 80857?
7, 11551
What are the prime factors of 27?
3
List the prime factors of 3765.
3, 5, 251
What are the prime factors of 305?
5, 61
List the prime factors of 6795.
3, 5, 151
What are the prime factors of 19959?
3, 6653
List the prime factors of 37222.
2, 37, 503
List the prime factors of 159328.
2, 13, 383
List the prime factors of 89395.
5, 19, 941
What are the prime factors of 159?
3, 53
List the prime factors of 4872.
2, 3, 7, 29
What are the prime factors of 4728?
2, 3, 197
List the prime factors of 12615.
3, 5, 29
What are the prime factors of 840?
2, 3, 5, 7
List the prime factors of 98499.
3, 32833
What are the prime factors of 1757?
7, 251
What are the prime factors of 28047?
3, 9349
List the prime factors of 8599.
8599
List the prime factors of 924.
2, 3, 7, 11
List the prime factors of 801.
3, 89
What are the prime factors of 8308?
2, 31, 67
List the prime factors of 1880.
2, 5, 47
What are the prime factors of 1247?
29, 43
List the prime factors of 1892.
2, 11, 43
List the prime factors of 1408.
2, 11
List the prime factors of 6590.
2, 5, 659
List the prime factors of 550.
2, 5, 11
List the prime factors of 75239.
75239
List the prime factors of 9382.
2, 4691
What are the prime factors of 6189?
3, 2063
What are the prime factors of 1951?
1951
What are the prime factors of 615?
3, 5, 41
List the prime factors of 17428.
2, 4357
List the prime factors of 99404.
2, 24851
List the prime factors of 1015.
5, 7, 29
List the prime factors of 1007.
19, 53
List the prime factors of 170.
2, 5, 17
List the prime factors of 10129.
7, 1447
What are the prime factors of 64852?
2, 31, 523
List the prime factors of 57450.
2, 3, 5, 383
What are the prime factors of 27126?
2, 3, 11, 137
What are the prime factors of 589?
19, 31
What are the prime factors of 1644?
2, 3, 137
What are the prime factors of 348?
2, 3, 29
What are the prime factors of 1202?
2, 601
What are the prime factors of 137308?
2, 34327
List the prime factors of 172.
2, 43
What are the prime factors of 21075?
3, 5, 281
List the prime factors of 1305.
3, 5, 29
List the prime factors of 35318.
2, 17659
List the prime factors of 19359.
3, 239
List the prime factors of 43140.
2, 3, 5, 719
What are the prime factors of 1493?
1493
What are the prime factors of 37068?
2, 3, 3089
What are the prime factors of 7632?
2, 3, 53
What are the prime factors of 385?
5, 7, 11
List the prime factors of 23156.
2, 7, 827
What are the prime factors of 1247?
29, 43
List the prime factors of 8830.
2, 5, 883
List the prime factors of 728.
2, 7, 13
What are the prime factors of 8088?
2, 3, 337
List the prime factors of 4345.
5, 11, 79
List the prime factors of 5824.
2, 7, 13
List the prime factors of 255.
3, 5, 17
What are the prime factors of 2150?
2, 5, 43
What are the prime factors of 888?
2, 3, 37
What are the prime factors of 9807?
3, 7, 467
What are the prime factors of 1053?
3, 13
List the prime factors of 1224.
2, 3, 17
What are the prime factors of 41854?
2, 17, 1231
What are the prime factors of 9550?
2, 5, 191
What are the prime factors of 15831?
3, 1759
What are the prime factors of 908?
2, 227
What are the prime factors of 58728?
2, 3, 2447
What are the prime factors of 719?
719
What are the prime factors of 3208?
2, 401
What are the prime factors of 5955?
3, 5, 397
What are the prime factors of 3856?
2, 241
What are the prime factors of 15164?
2, 17, 223
What are the prime factors of 6266?
2, 13, 241
What are the prime factors of 3764?
2, 941
What are the prime factors of 1653?
3, 19, 29
List the prime factors of 48929.
113, 433
List the prime factors of 73459.
73459
What are the prime factors of 12712?
2, 7, 227
List the prime factors of 21350.
2, 5, 7, 61
What are the prime factors of 129602?
2, 11, 43, 137
What are the prime factors of 33677?
7, 17, 283
List the prime factors of 77340.
2, 3, 5, 1289
What are the prime factors of 1242?
2, 3, 23
List the prime factors of 1434.
2, 3, 239
What are the prime factors of 19871?
31, 641
What are the prime factors of 671?
11, 61
What are the prime factors of 1057?
7, 151
What are the prime factors of 4273?
4273
What are the prime factors of 41520?
2, 3, 5, 173
List the prime factors of 99.
3, 11
List the prime factors of 715.
5, 11, 13
What are the prime factors of 1698?
2, 3, 283
What are the prime factors of 439?
439
What are the prime factors of 19?
19
List the prime factors of 1761.
3, 587
What are the prime factors of 53953?
163, 331
What are the prime factors of 27574?
2, 17, 811
What are the prime factors of 21662?
2, 10831
List the prime factors of 60359.
13, 4643
What are the prime factors of 4853?
23, 211
What are the prime factors of 33903?
3, 3767
What are the prime factors of 26265?
3, 5, 17, 103
What are the prime factors of 64?
2
What are the prime factors of 15454?
2, 7727
List the prime factors of 43754.
2, 131, 167
What are the prime factors of 2036?
2, 509
List the prime factors of 3735.
3, 5, 83
List the prime factors of 19427.
19427
List the prime factors of 39443.
39443
List the prime factors of 1632.
2, 3, 17
What are the prime factors of 1920?
2, 3, 5
List the prime factors of 11791.
13, 907
What are the prime factors of 61316?
2, 15329
What are the prime factors of 42834?
2, 3, 11, 59
What are the prime factors of 34960?
2, 5, 19, 23
What are the prime factors of 3147?
3, 1049
List the prime factors of 1259.
1259
List the prime factors of 4059.
3, 11, 41
List the prim